{"id":14,"date":"2024-10-23T20:24:52","date_gmt":"2024-10-23T20:24:52","guid":{"rendered":"https:\/\/clever-tereshkova.45-82-121-115.plesk.page\/?page_id=14"},"modified":"2024-10-23T20:36:25","modified_gmt":"2024-10-23T20:36:25","slug":"startseite","status":"publish","type":"page","link":"https:\/\/clever-tereshkova.45-82-121-115.plesk.page\/index.php\/startseite\/","title":{"rendered":"Startseite"},"content":{"rendered":"\t\t<div data-elementor-type=\"wp-page\" data-elementor-id=\"14\" class=\"elementor elementor-14\">\n\t\t\t\t<div class=\"elementor-element elementor-element-1d37849 e-flex e-con-boxed e-con e-parent\" data-id=\"1d37849\" data-element_type=\"container\">\n\t\t\t\t\t<div class=\"e-con-inner\">\n\t\t<div class=\"elementor-element elementor-element-460d8e5 e-flex e-con-boxed e-con e-child\" data-id=\"460d8e5\" data-element_type=\"container\" data-settings=\"{&quot;background_background&quot;:&quot;classic&quot;}\">\n\t\t\t\t\t<div class=\"e-con-inner\">\n\t\t\t\t<div class=\"elementor-element elementor-element-41e67b5 elementor-widget elementor-widget-heading\" data-id=\"41e67b5\" data-element_type=\"widget\" data-widget_type=\"heading.default\">\n\t\t\t\t<div class=\"elementor-widget-container\">\n\t\t\t<h2 class=\"elementor-heading-title elementor-size-default\">Willkommen beim Badischen Ski &amp; Freizeit Verein!<\/h2>\t\t<\/div>\n\t\t\t\t<\/div>\n\t\t\t\t<div class=\"elementor-element elementor-element-256a5c8 elementor-widget elementor-widget-text-editor\" data-id=\"256a5c8\" data-element_type=\"widget\" data-widget_type=\"text-editor.default\">\n\t\t\t\t<div class=\"elementor-widget-container\">\n\t\t\t\t\t\t\t<p>Wir sind der Badische Ski &amp; Freizeit Verein. Unsere Ziele sind es unseren Mitgliedern, und allen, die es gerne werden m\u00f6chten, den Skisport zu erm\u00f6glichen. Skifahren ist ein Sport, der einen Menschen die Wunder der Berge gut zeigen kann, und das wollen wir f\u00f6rdern. Der Spa\u00df bei der Sache darf nat\u00fcrlich auch nicht verloren gehen, weswegen wir ein Freundschaftliches Vereinsklima pflegen. Wir bieten, sofern m\u00f6glich, auch andere Aktivit\u00e4ten neben der Ski-Leidenschaft.<\/p><p>Wir freuen uns auch \u00fcber Neu-Mitglieder.<\/p>\t\t\t\t\t\t<\/div>\n\t\t\t\t<\/div>\n\t\t\t\t<div class=\"elementor-element elementor-element-b71ceca elementor-widget elementor-widget-image\" data-id=\"b71ceca\" data-element_type=\"widget\" data-widget_type=\"image.default\">\n\t\t\t\t<div class=\"elementor-widget-container\">\n\t\t\t\t\t\t\t\t\t\t\t\t\t<img fetchpriority=\"high\" decoding=\"async\" width=\"986\" height=\"425\" src=\"https:\/\/clever-tereshkova.45-82-121-115.plesk.page\/wp-content\/uploads\/2024\/10\/skiausfahrtmitglieder.jpg\" class=\"attachment-large size-large wp-image-19\" alt=\"\" srcset=\"https:\/\/clever-tereshkova.45-82-121-115.plesk.page\/wp-content\/uploads\/2024\/10\/skiausfahrtmitglieder.jpg 986w, https:\/\/clever-tereshkova.45-82-121-115.plesk.page\/wp-content\/uploads\/2024\/10\/skiausfahrtmitglieder-300x129.jpg 300w, https:\/\/clever-tereshkova.45-82-121-115.plesk.page\/wp-content\/uploads\/2024\/10\/skiausfahrtmitglieder-768x331.jpg 768w\" sizes=\"(max-width: 986px) 100vw, 986px\" \/>\t\t\t\t\t\t\t\t\t\t\t\t\t<\/div>\n\t\t\t\t<\/div>\n\t\t\t\t\t<\/div>\n\t\t\t\t<\/div>\n\t\t\t\t\t<\/div>\n\t\t\t\t<\/div>\n\t\t\t\t<\/div>\n\t\t","protected":false},"excerpt":{"rendered":"<p>Willkommen beim Badischen Ski &amp; Freizeit Verein! Wir sind der Badische Ski &amp; Freizeit Verein. Unsere Ziele sind es unseren Mitgliedern, und allen, die es gerne werden m\u00f6chten, den Skisport zu erm\u00f6glichen. Skifahren ist ein Sport, der einen Menschen die Wunder der Berge gut zeigen kann, und das wollen wir f\u00f6rdern. Der Spa\u00df bei der [&hellip;]<\/p>\n","protected":false},"author":1,"featured_media":0,"parent":0,"menu_order":0,"comment_status":"closed","ping_status":"closed","template":"","meta":{"footnotes":""},"class_list":["post-14","page","type-page","status-publish","hentry"],"blocksy_meta":{"disable_header":"no","disable_footer":"no","has_hero_section":"disabled","styles_descriptor":{"styles":{"desktop":"","tablet":"","mobile":""},"google_fonts":[],"version":6}},"_links":{"self":[{"href":"https:\/\/clever-tereshkova.45-82-121-115.plesk.page\/index.php\/wp-json\/wp\/v2\/pages\/14","targetHints":{"allow":["GET"]}}],"collection":[{"href":"https:\/\/clever-tereshkova.45-82-121-115.plesk.page\/index.php\/wp-json\/wp\/v2\/pages"}],"about":[{"href":"https:\/\/clever-tereshkova.45-82-121-115.plesk.page\/index.php\/wp-json\/wp\/v2\/types\/page"}],"author":[{"embeddable":true,"href":"https:\/\/clever-tereshkova.45-82-121-115.plesk.page\/index.php\/wp-json\/wp\/v2\/users\/1"}],"replies":[{"embeddable":true,"href":"https:\/\/clever-tereshkova.45-82-121-115.plesk.page\/index.php\/wp-json\/wp\/v2\/comments?post=14"}],"version-history":[{"count":10,"href":"https:\/\/clever-tereshkova.45-82-121-115.plesk.page\/index.php\/wp-json\/wp\/v2\/pages\/14\/revisions"}],"predecessor-version":[{"id":25,"href":"https:\/\/clever-tereshkova.45-82-121-115.plesk.page\/index.php\/wp-json\/wp\/v2\/pages\/14\/revisions\/25"}],"wp:attachment":[{"href":"https:\/\/clever-tereshkova.45-82-121-115.plesk.page\/index.php\/wp-json\/wp\/v2\/media?parent=14"}],"curies":[{"name":"wp","href":"https:\/\/api.w.org\/{rel}","templated":true}]}}